{"id":2,"date":"2020-08-17T12:36:39","date_gmt":"2020-08-17T12:36:39","guid":{"rendered":"http:\/\/www.testwwo.michalsikorski.com.pl\/?page_id=2"},"modified":"2021-07-08T09:36:00","modified_gmt":"2021-07-08T09:36:00","slug":"sample-page","status":"publish","type":"page","link":"https:\/\/www.testwwo.michalsikorski.com.pl\/","title":{"rendered":"Test poziomu wra\u017cliwo\u015bci"},"content":{"rendered":"\t\t<div data-elementor-type=\"wp-page\" data-elementor-id=\"2\" class=\"elementor elementor-2\">\n\t\t\t\t\t\t\t\t\t<section class=\"elementor-section elementor-top-section elementor-element elementor-element-deefb59 elementor-section-boxed elementor-section-height-default elementor-section-height-default\" data-id=\"deefb59\" data-element_type=\"section\">\n\t\t\t\t\t\t<div class=\"elementor-container elementor-column-gap-default\">\n\t\t\t\t\t<div class=\"elementor-column elementor-col-100 elementor-top-column elementor-element elementor-element-c82f7f3\" data-id=\"c82f7f3\" data-element_type=\"column\">\n\t\t\t<div class=\"elementor-widget-wrap elementor-element-populated\">\n\t\t\t\t\t\t\t\t<div class=\"elementor-element elementor-element-511084a elementor-widget elementor-widget-image\" data-id=\"511084a\" data-element_type=\"widget\" data-widget_type=\"image.default\">\n\t\t\t\t<div class=\"elementor-widget-container\">\n\t\t\t\t\t\t\t\t\t\t\t\t\t\t\t<img decoding=\"async\" src=\"https:\/\/www.testwwo.michalsikorski.com.pl\/wp-content\/uploads\/2020\/08\/MS_logo.png\" title=\"MS_logo\" alt=\"MS_logo\" loading=\"lazy\" \/>\t\t\t\t\t\t\t\t\t\t\t\t\t\t\t<\/div>\n\t\t\t\t<\/div>\n\t\t\t\t<div class=\"elementor-element elementor-element-572d13a elementor-widget elementor-widget-text-editor\" data-id=\"572d13a\" data-element_type=\"widget\" data-widget_type=\"text-editor.default\">\n\t\t\t\t<div class=\"elementor-widget-container\">\n\t\t\t\t\t\t\t<h4><strong>TEST POZIOMU WRA\u017bLIWO\u015aCI<\/strong><\/h4>\t\t\t\t\t\t<\/div>\n\t\t\t\t<\/div>\n\t\t\t\t<div class=\"elementor-element elementor-element-dc5ac79 elementor-widget elementor-widget-text-editor\" data-id=\"dc5ac79\" data-element_type=\"widget\" data-widget_type=\"text-editor.default\">\n\t\t\t\t<div class=\"elementor-widget-container\">\n\t\t\t\t\t\t\t<div id=\"asq_69e2115737708\" class=\"asq-theme asq-theme-standard\"><div id=\"asq_69e2115737708_container\" class=\"ari-stream-quiz quiz-session-container quiz-3 quiz-type-personality  hide-questions view-quiz-intro\" data-id=\"asq_69e2115737708\">\n    <div class=\"quiz-intro\">\n                <div class=\"quiz-description\">\n                    <div class=\"quiz-description-image\">\n                <img decoding=\"async\" src=\"https:\/\/www.testwwo.michalsikorski.com.pl\/wp-content\/uploads\/2021\/01\/miniatura-test-wwo.jpg\" title=\"\" \/>\n            <\/div>\n                    <div class=\"quiz-description-content\">\n                <p>Witaj,<\/p><p>Nazywam si\u0119 Micha\u0142 Sikorski. Jestem autorem ksi\u0105\u017cki ,,WRA\u017bLIWO\u015a\u0106 &#8211; twoja ukryta si\u0142a&#8221;.<\/p><p>By\u0107 mo\u017ce znasz mnie tak\u017ce z kana\u0142u na YouTube.<\/p><p>Odkrycie jak mocno poziom wra\u017cliwo\u015bci wp\u0142ywa na mnie i \u017ce jest on cech\u0105 fundamentaln\u0105, by\u0142o dla mnie prawdziwym prze\u0142omem.<\/p><p>Dlatego dziel\u0119 si\u0119 z Tob\u0105 testem.<\/p><p><strong>Sk\u0142ada si\u0119 on z 33 pyta\u0144, a jego wype\u0142nienie zajmie Ci oko\u0142o 3 minut.<\/strong><\/p><p>Dzi\u0119ki niemu dowiesz si\u0119 czy nale\u017cysz do 15-20% wysoko wra\u017cliwych os\u00f3b.<\/p><br><p><br><\/p>            <\/div>\n        <\/div>\n\n                <div class=\"quiz-actions\">\n            <button class=\"button button-salmon button-start-quiz full-width\">Rozpocznij test<\/button>\n        <\/div>\n            <\/div>\n    <a name=\"asq_69e2115737708_top\" id=\"asq_69e2115737708_top\"><\/a>\n        <div class=\"quiz-progress-bar top\"><\/div>\n    \n    <div class=\"quiz-loading-pane\" style=\"display:none;\">\n        <svg width=\"72px\" height=\"72px\" xmlns=\"http:\/\/www.w3.org\/2000\/svg\" viewBox=\"0 0 100 100\" preserveAspectRatio=\"xMidYMid\" class=\"uil-squares\"><rect x=\"0\" y=\"0\" width=\"100\" height=\"100\" fill=\"none\" class=\"bk\"><\/rect><rect x=\"15\" y=\"15\" width=\"20\" height=\"20\" fill=\"#cec9c9\" class=\"sq\"><animate attributeName=\"fill\" from=\"#cec9c9\" to=\"#3c302e\" repeatCount=\"indefinite\" dur=\"1s\" begin=\"0.0s\" values=\"#3c302e;#3c302e;#cec9c9;#cec9c9\" keyTimes=\"0;0.1;0.2;1\"><\/animate><\/rect><rect x=\"40\" y=\"15\" width=\"20\" height=\"20\" fill=\"#cec9c9\" class=\"sq\"><animate attributeName=\"fill\" from=\"#cec9c9\" to=\"#3c302e\" repeatCount=\"indefinite\" dur=\"1s\" begin=\"0.125s\" values=\"#3c302e;#3c302e;#cec9c9;#cec9c9\" keyTimes=\"0;0.1;0.2;1\"><\/animate><\/rect><rect x=\"65\" y=\"15\" width=\"20\" height=\"20\" fill=\"#cec9c9\" class=\"sq\"><animate attributeName=\"fill\" from=\"#cec9c9\" to=\"#3c302e\" repeatCount=\"indefinite\" dur=\"1s\" begin=\"0.25s\" values=\"#3c302e;#3c302e;#cec9c9;#cec9c9\" keyTimes=\"0;0.1;0.2;1\"><\/animate><\/rect><rect x=\"15\" y=\"40\" width=\"20\" height=\"20\" fill=\"#cec9c9\" class=\"sq\"><animate attributeName=\"fill\" from=\"#cec9c9\" to=\"#3c302e\" repeatCount=\"indefinite\" dur=\"1s\" begin=\"0.875s\" values=\"#3c302e;#3c302e;#cec9c9;#cec9c9\" keyTimes=\"0;0.1;0.2;1\"><\/animate><\/rect><rect x=\"65\" y=\"40\" width=\"20\" height=\"20\" fill=\"#cec9c9\" class=\"sq\"><animate attributeName=\"fill\" from=\"#cec9c9\" to=\"#3c302e\" repeatCount=\"indefinite\" dur=\"1s\" begin=\"0.375\" values=\"#3c302e;#3c302e;#cec9c9;#cec9c9\" keyTimes=\"0;0.1;0.2;1\"><\/animate><\/rect><rect x=\"15\" y=\"65\" width=\"20\" height=\"20\" fill=\"#cec9c9\" class=\"sq\"><animate attributeName=\"fill\" from=\"#cec9c9\" to=\"#3c302e\" repeatCount=\"indefinite\" dur=\"1s\" begin=\"0.75s\" values=\"#3c302e;#3c302e;#cec9c9;#cec9c9\" keyTimes=\"0;0.1;0.2;1\"><\/animate><\/rect><rect x=\"40\" y=\"65\" width=\"20\" height=\"20\" fill=\"#cec9c9\" class=\"sq\"><animate attributeName=\"fill\" from=\"#cec9c9\" to=\"#3c302e\" repeatCount=\"indefinite\" dur=\"1s\" begin=\"0.625s\" values=\"#3c302e;#3c302e;#cec9c9;#cec9c9\" keyTimes=\"0;0.1;0.2;1\"><\/animate><\/rect><rect x=\"65\" y=\"65\" width=\"20\" height=\"20\" fill=\"#cec9c9\" class=\"sq\"><animate attributeName=\"fill\" from=\"#cec9c9\" to=\"#3c302e\" repeatCount=\"indefinite\" dur=\"1s\" begin=\"0.5s\" values=\"#3c302e;#3c302e;#cec9c9;#cec9c9\" keyTimes=\"0;0.1;0.2;1\"><\/animate><\/rect><\/svg>\n    <\/div>\n\n    <div id=\"asq_69e2115737708_page_template\" style=\"display:none;\">\n    <script type=\"text\/x-ari-template\" id=\"asq_69e2115737708_questions_tpl\">\n{{$pages}}\n<div class=\"quiz-page\" id=\"{{{prefix}}}_page_{{@index}}\" data-page=\"{{@index}}\">\n    {{$questions}}\n    <div class=\"quiz-question {{#if multiple}}quiz-question-multiple{{\/if}} {{#if has_answer_with_image}}quiz-question-has-image-answer{{\/if}}\" id=\"{{{prefix}}}_question_{{question_id}}\" data-question-id=\"{{question_id}}\">\n        <div class=\"quiz-question-title\" data-question-index=\"{{question_number}}\">\n            {{question_title}}\n        <\/div>\n        {{#if has_image}}\n        <div class=\"quiz-question-image\">\n            <div class=\"quiz-question-image-holder\">\n                <img decoding=\"async\" src=\"data:image\/gif;base64,R0lGODlhAQABAIAAAAAAAP\/\/\/yH5BAEAAAAALAAAAAABAAEAAAIBRAA7\" data-src=\"{{image:url}}\" class=\"lazy-load\" alt=\"\" \/>\n                {{#if image:description}}\n                <div class=\"quiz-image-credit\">{{image:description}}<\/div>\n                {{\/if}}\n            <\/div>\n        <\/div>\n        {{\/if}}\n        <div class=\"quiz-question-answers answer-col-{{{column_count}}} clearfix\" id=\"{{{prefix}}}_answers_{{question_id}}\">\n            {{$answers}}\n            <div class=\"quiz-question-answer-holder\">\n                <div class=\"quiz-question-answer\" id=\"{{{prefix}}}_answercontainer_{{answer_id}}\">\n                    {{#if has_answer_with_image}}\n                    <div class=\"quiz-question-answer-image\">\n                        {{#if has_image}}\n                        <div class=\"quiz-question-answer-image-wrapper\">\n                            <img decoding=\"async\" src=\"data:image\/gif;base64,R0lGODlhAQABAIAAAAAAAP\/\/\/yH5BAEAAAAALAAAAAABAAEAAAIBRAA7\" data-src=\"{{image:url}}?t=1776423255\" class=\"lazy-load\" alt=\"\" \/>\n                            {{#if image:description}}\n                            <div class=\"quiz-image-credit\">{{image:description}}<\/div>\n                            {{\/if}}\n                        <\/div>\n                        {{\/if}}\n                    <\/div>\n                    {{\/if}}\n                    <div class=\"quiz-question-answer-controls\">\n                        <input type=\"{{#if @iterator:questions:multiple}}checkbox{{\/if}}{{#if !@iterator:questions:multiple}}radio{{\/if}}\" class=\"ari-checkbox quiz-question-answer-ctrl\" name=\"{{{prefix}}}_answer_{{question_id}}\" id=\"{{{prefix}}}_answer_{{answer_id}}\" value=\"{{answer_id}}\" data-question-id=\"{{question_id}}\" \/>\n                        <label class=\"ari-checkbox-label quiz-question-answer-ctrl-lbl\" for=\"{{{prefix}}}_answer_{{answer_id}}\">{{answer_title}}&nbsp;<\/label>\n                    <\/div>\n                <\/div>\n            <\/div>\n            {{\/answers}}\n        <\/div>\n\n        <div id=\"{{{prefix}}}_question_status_{{question_id}}\" class=\"quiz-question-status quiz-section\" style=\"display:none;\">\n            <div class=\"quiz-question-result\"><\/div>\n            <div class=\"quiz-question-explanation\"><\/div>\n        <\/div>\n    <\/div>\n    {{\/questions}}\n    <div class=\"quiz-actions\">\n        <button class=\"button button-green full-width button-complete-page\">Continue<\/button>\n        <\/div>\n<\/div>\n{{\/pages}}\n<\/script>\n    <\/div>\n\n    <div class=\"quiz-complete-action\">\n        <button class=\"button button-green full-width button-complete-quiz\">Continue<\/button>\n    <\/div>\n\n                <div class=\"quiz-result quiz-section\" id=\"asq_69e2115737708_result\" style=\"display:none;\">\n                        <script type=\"text\/x-ari-template\" id=\"asq_69e2115737708_result_tpl\">\n                    {{$global}}\n            <div class=\"quiz-title\">TEST POZIOMU WRA\u017bLIWO\u015aCI<\/div>\n            {{$resultPersonalities}}\n            <div class=\"quiz-result-item quiz-result-item{{@index}}\">\n                <div class=\"result-title\">Tw\u00f3j wynik to: {{title}}<\/div>\n                                {{#if image}}\n                <div class=\"result-image {{image_class}}\" data-image-credit=\"{{image_credit}}\">{{image}}<\/div>\n                {{\/if}}\n                <div class=\"result-content\">{{content}}<\/div>\n                            <\/div>\n            {{\/resultPersonalities}}\n            {{\/global}}\n                <\/script>\n                        \n        <div class=\"quiz-result-wrapper\"><\/div>\n\n        \n                    <\/div>\n<\/div><\/div>\t\t\t\t\t\t<\/div>\n\t\t\t\t<\/div>\n\t\t\t\t\t<\/div>\n\t\t<\/div>\n\t\t\t\t\t\t\t<\/div>\n\t\t<\/section>\n\t\t\t\t<section class=\"elementor-section elementor-top-section elementor-element elementor-element-a68a2ce elementor-section-boxed elementor-section-height-default elementor-section-height-default\" data-id=\"a68a2ce\" data-element_type=\"section\">\n\t\t\t\t\t\t<div class=\"elementor-container elementor-column-gap-default\">\n\t\t\t\t\t<div class=\"elementor-column elementor-col-100 elementor-top-column elementor-element elementor-element-9464baa\" data-id=\"9464baa\" data-element_type=\"column\">\n\t\t\t<div class=\"elementor-widget-wrap elementor-element-populated\">\n\t\t\t\t\t\t\t\t<div class=\"elementor-element elementor-element-5b526e4 elementor-widget elementor-widget-text-editor\" data-id=\"5b526e4\" data-element_type=\"widget\" data-widget_type=\"text-editor.default\">\n\t\t\t\t<div class=\"elementor-widget-container\">\n\t\t\t\t\t\t\t<p>\u00a0 \u00a0 \u00a0 \u00a0 \u00a0 \u00a0 \u00a0 \u00a0 \u00a0 \u00a0 \u00a0 \u00a0 \u00a0 \u00a0 \u00a0 \u00a0 \u00a0 \u00a0 \u00a0 \u00a0 \u00a0 \u00a0 \u00a0 \u00a0 \u00a0 \u00a0 \u00a0 \u00a0 \u00a0 \u00a0 \u00a0 \u00a0 \u00a0<\/p><p>\u00a0 \u00a0 \u00a0 \u00a0 \u00a0 \u00a0 \u00a0 \u00a0 \u00a0 \u00a0 \u00a0 \u00a0 \u00a0 \u00a0 \u00a0 \u00a0 \u00a0 \u00a0 \u00a0 \u00a0 \u00a0 \u00a0 \u00a0 \u00a0 \u00a0 \u00a0 \u00a0 \u00a0 \u00a0 \u00a0 \u00a0 \u00a0 \u00a0 \u00a0 \u00a0 \u00a0 \u00a0 \u00a0 \u00a0 \u00a0 \u00a0 \u00a0 \u00a0 \u00a0 \u00a0 \u24d2Micha\u0142 Sikorski 2020. <a href=\"https:\/\/politykaprywatnoscims.gr8.com\/\">Polityka prywatno\u015bci<\/a><\/p>\t\t\t\t\t\t<\/div>\n\t\t\t\t<\/div>\n\t\t\t\t\t<\/div>\n\t\t<\/div>\n\t\t\t\t\t\t\t<\/div>\n\t\t<\/section>\n\t\t\t\t<section class=\"elementor-section elementor-top-section elementor-element elementor-element-0eb440f elementor-section-boxed elementor-section-height-default elementor-section-height-default\" data-id=\"0eb440f\" data-element_type=\"section\">\n\t\t\t\t\t\t<div class=\"elementor-container elementor-column-gap-default\">\n\t\t\t\t\t<div class=\"elementor-column elementor-col-100 elementor-top-column elementor-element elementor-element-0e0b3c4\" data-id=\"0e0b3c4\" data-element_type=\"column\">\n\t\t\t<div class=\"elementor-widget-wrap\">\n\t\t\t\t\t\t\t\t\t<\/div>\n\t\t<\/div>\n\t\t\t\t\t\t\t<\/div>\n\t\t<\/section>\n\t\t\t\t\t\t\t<\/div>\n\t\t","protected":false},"excerpt":{"rendered":"<p>TEST POZIOMU WRA\u017bLIWO\u015aCI &nbsp; &nbsp; &nbsp; &nbsp; &nbsp; &nbsp; &nbsp; &nbsp; &nbsp; &nbsp; &nbsp; &nbsp; &nbsp; &nbsp; &nbsp; &nbsp; &nbsp; &nbsp; &nbsp; &nbsp; &nbsp; &nbsp; &nbsp; &nbsp; &nbsp; &nbsp; &nbsp; &nbsp; &nbsp; &nbsp; &nbsp; &nbsp; &nbsp; &nbsp; &nbsp; &nbsp; &nbsp; &nbsp; &nbsp; &nbsp; &nbsp; &nbsp; &nbsp; &nbsp; &nbsp; \u24d2Micha\u0142 Sikorski 2020. Polityka prywatno\u015bci<\/p>\n","protected":false},"author":1,"featured_media":0,"parent":0,"menu_order":0,"comment_status":"closed","ping_status":"closed","template":"elementor_canvas","meta":{"footnotes":""},"_links":{"self":[{"href":"https:\/\/www.testwwo.michalsikorski.com.pl\/index.php?rest_route=\/wp\/v2\/pages\/2"}],"collection":[{"href":"https:\/\/www.testwwo.michalsikorski.com.pl\/index.php?rest_route=\/wp\/v2\/pages"}],"about":[{"href":"https:\/\/www.testwwo.michalsikorski.com.pl\/index.php?rest_route=\/wp\/v2\/types\/page"}],"author":[{"embeddable":true,"href":"https:\/\/www.testwwo.michalsikorski.com.pl\/index.php?rest_route=\/wp\/v2\/users\/1"}],"replies":[{"embeddable":true,"href":"https:\/\/www.testwwo.michalsikorski.com.pl\/index.php?rest_route=%2Fwp%2Fv2%2Fcomments&post=2"}],"version-history":[{"count":16,"href":"https:\/\/www.testwwo.michalsikorski.com.pl\/index.php?rest_route=\/wp\/v2\/pages\/2\/revisions"}],"predecessor-version":[{"id":127,"href":"https:\/\/www.testwwo.michalsikorski.com.pl\/index.php?rest_route=\/wp\/v2\/pages\/2\/revisions\/127"}],"wp:attachment":[{"href":"https:\/\/www.testwwo.michalsikorski.com.pl\/index.php?rest_route=%2Fwp%2Fv2%2Fmedia&parent=2"}],"curies":[{"name":"wp","href":"https:\/\/api.w.org\/{rel}","templated":true}]}}